p - 8 = 0. Calculate the highest common factor of 11 and s.
1
Let s be 42/15 - 8/10. Suppose -s*h - 66 = -88. What is the highest common divisor of 55 and h?
11
Let m(y) = -10*y - 6. Let h be m(-4). Let o = 108 - h. Suppose o = 5*s - 21. Calculate the highest common divisor of s and 19.
19
Suppose 0 = s + 2 - 1, -11 = -4*z - 5*s. Let u be (-4)/(-1) - (3 - z). Let j = -266 - -281. Calculate the greatest common factor of j and u.
5
Let g = -65 - -329. Calculate the greatest common factor of g and 12.
12
Let k be 4/(-8) + (2997/6)/3. Suppose 104 + k = 9*s. Calculate the highest common divisor of 6 and s.
6
Let p(c) = c**2 + c - 1. Let l be p(-3). Let u = -66 + 71. Calculate the highest common divisor of l and u.
5
Let r = 11 + -7. Suppose -5*q = 4*a - 335, -257 = -r*q - a - 0*a. Let g(k) = 90*k + 459. Let d be g(-5). What is the greatest common divisor of d and q?
9
Suppose 3*l - 4*t = 399 + 526, -4*l = 4*t - 1280. What is the greatest common divisor of l and 180?
45
Let f = 244 - 84. Suppose -2*x - 2*i - 8 = 0, 4*x + 4 = -2*i - 18. Let s(n) = -n + 13. Let j be s(x). Calculate the highest common divisor of j and f.
20
Suppose -5*i = 142 - 502. Let g(q) = q**2 + 3*q + 9. Let s be g(0). What is the highest common factor of i and s?
9
Suppose -3608 = -12*a + 604. Let v be (37 - -1) + -5 + 6. Calculate the greatest common divisor of a and v.
39
Suppose -3*b + 8 + 3 = -5*z, 0 = 3*b - 3*z - 9. Let h be 1/(-3)*b - (-274)/6. What is the greatest common divisor of h and 18?
9
Suppose -12*n + 21*n = 36. Calculate the highest common divisor of n and 2.
2
Let z be 213 + 21/(-3) + 9. Calculate the highest common divisor of 86 and z.
43
Let w be 3 - (-5)/(10/36). Let d(m) = m**3 + 7*m**2 - 8*m + 7. Let q be d(-8). What is the greatest common factor of w and q?
7
Let g be (-346)/(-6) + 10/30. Calculate the greatest common divisor of 2 and g.
2
Let x be (2 - (-10)/(-4))*6/(-1). Suppose -4*c + x*c = -16. What is the greatest common factor of c and 24?
8
Let a(m) = -m**3 - 11*m**2 - m - 2. Let p be a(-11). Let v = p - -7. Calculate the highest common divisor of v and 64.
16
Let i = -25 - -35. Let w(h) = -h**3 + 4*h**2 + 6*h - 14. Suppose -68*d = -65*d - 12. Let l be w(d). Calculate the greatest common divisor of i and l.
10
Suppose -r = -d - 9, 0 = -3*d - 5 - 4. Let u(i) = 6 - 4 - r*i - 25*i. Let y be u(-2). What is the highest common divisor of y and 16?
16
Let t = 195 + 15. Calculate the highest common factor of t and 126.
42
Suppose 7*o - 692 = 372. What is the highest common divisor of o and 380?
76
Suppose 185 + 871 = 24*h. Let y(c) = 5*c**3 - 4*c**2 + 2*c. Let q be y(2). Let j = q + -17. What is the greatest common factor of j and h?
11
Let b = 0 + -8. Let n(p) be the second derivative of -p**4/12 - 17*p**3/6 - 11*p. Let g be n(b). What is the greatest common divisor of 18 and g?
18
Let l = 1372 - 845. Calculate the highest common divisor of 17 and l.
17
Let o(p) = -p**3 + 3*p**2 + 4*p - 2. Let i be o(3). Let u = i + -17. Let q = 27 + u. What is the greatest common divisor of 30 and q?
10
Let v be ((-14)/(-7))/((-4)/(-114)). Suppose -14 = -l + 5. What is the highest common divisor of l and v?
19
Let w be 330/7 + (-258)/(-301). What is the highest common divisor of w and 3?
3
Let l(g) = -g**2 + 6*g - 8. Let q be l(4). Let b be 2 + 12 + q + -3. What is the highest common factor of 11 and b?
11
Let f be 2 + 2 - (-26 + 16). Calculate the greatest common factor of 574 and f.
14
Let a be ((-22)/(-8))/((-2)/(-8)). Let k = -9 + a. Suppose -f + 4*h + 5 = 0, 4*f - 2*h - k*h - 32 = 0. Calculate the highest common factor of 63 and f.
9
Let b be (-2)/3 + 14/3. Let n = -22 - -18. Let q = b - n. What is the greatest common divisor of 48 and q?
8
Let g(b) = -b**3 + 2*b. Suppose 0 = 5*z + 2*d + 12, d - 7 = 3*z - 2. Let x be g(z). What is the greatest common factor of x and 44?
4
Let z(v) = v. Let s be z(-2). Let a = s - -4. Let m(t) = 82*t - 2. Let w be m(a). Calculate the greatest common factor of 18 and w.
18
Let t(m) be the second derivative of 1/3*m**3 - 3/10*m**5 + 1/6*m**4 + 0 + 1/2*m**2 + 4*m. Let h be t(-1). Calculate the greatest common divisor of 7 and h.
7
Let f(o) = o**2 - 7*o - 1. Suppose -2*d + 18 = -0*d. Suppose -d - 27 = -5*k + 4*q, -1 = -q. Let c be f(k). What is the greatest common divisor of 49 and c?
7
Let k be (8/10)/((-4438)/555 + 8). Calculate the greatest common divisor of 74 and k.
74
Let g be 9 + 62/2 + 8. What is the greatest common factor of 48 and g?
48
Suppose -6*w + 10*w + 72 = 0. Let k = -12 - w. What is the greatest common divisor of 6 and k?
6
Suppose r = -5*b - 80, -3*b - 88 = 2*r + 37. Let h = 95 + r. Suppose 5*z - 10 = h. What is the greatest common divisor of z and 50?
10
Let z(b) = 6*b + 6. Let c be z(-4). Let a be 39/(-2)*84/c. Suppose 3*l - 22 = 17. What is the highest common factor of l and a?
13
Suppose -23*y + 3336 = -2736. What is the greatest common divisor of 88 and y?
88
Let t = 167 + -111. Let g = t + -44. What is the highest common divisor of 48 and g?
12
Let o be (-2 + 4 + -60)/(3/(-12)). What is the highest common divisor of 174 and o?
58
Let g(s) = 13*s**3 + 2*s**2 - s. Let b be g(1). What is the highest common divisor of 6 and b?
2
Let q be (-3 - 30/(-9))/(6/342). Calculate the greatest common factor of 1273 and q.
19
Let x be 17/68 + (-114)/8. Let q(y) = -y**2 - 15*y - 1. Let p be q(x). Let t be -2 + (4/2 - -13). Calculate the highest common factor of t and p.
13
Suppose -f = f - 10. Suppose -13*z = -134 - 386. What is the greatest common factor of z and f?
5
Let g = -151 - -242. What is the highest common factor of g and 39?
13
Let i(b) = b**3 - 23*b**2 + 25*b - 30. Suppose j = 2*l + 18, 2*j + 2*l - 23 = 25. Let m be i(j). Calculate the highest common factor of 4 and m.
4
Let l(f) = -3*f**3 - 13*f**2 + 10*f - 21. Let q be l(-8). Calculate the greatest common divisor of 36 and q.
9
Let s(n) = n**3 - 5*n**2 - 16*n + 8. Let i be s(7). Let b = -6 + 8. Let r be b/i - (-39)/9. Calculate the greatest common factor of 20 and r.
4
Let k(q) = -q**3 + 20*q**2 - 76*q + 6. Let n be k(14). Calculate the greatest common factor of 354 and n.
118
Let x = 131 - 185. Let v be (-822)/x - (-4)/(-18). Let j(t) = 74*t**2 + 1. Let i be j(1). What is the highest common divisor of i and v?
15
Let w(x) = -x**2 - 9*x + 19. Let g be w(-10). Calculate the highest common divisor of 45 and g.
9
Let k be (3721/(-122))/((-1)/2). What is the greatest common divisor of k and 793?
61
Let l(p) = p**2 - 3*p + 14. Let s be l(11). Calculate the highest common divisor of s and 24.
6
Let r = 27 - 20. Suppose r*f - 4*f = 15. Suppose -f*u + 73 = 18. Calculate the greatest common factor of 1 and u.
1
Let d(q) = q**2 + q + 9. Let h be d(-8). Let f = h - 41. Let k(i) = -i**3 - 2*i**2 + 11*i + 18. Let v be k(-6). What is the greatest common factor of v and f?
24
Suppose 2*f = -12 - 6. Let m be 0 + (-2 + f - 0). Let l(u) = -u - 3. Let w be l(m). Calculate the greatest common divisor of 12 and w.
4
Let n = -6 - -12. Suppose n*q + 20 = 86. Suppose -7 = -4*z - 3. Calculate the highest common divisor of z and q.
1
Let g(n) = -n**3 - 4*n**2 - 4*n + 6. Let v be g(-5). Let s = -21 + v. What is the greatest common factor of 210 and s?
30
Let p(u) = -21*u - 505. Let v be p(-29). Calculate the highest common factor of 156 and v.
52
Let p = -239 - -323. Calculate the greatest common divisor of p and 420.
84
Let z = -1064 + 1071. Calculate the greatest common factor of z and 868.
7
Let v(t) = -t**3 - 18*t**2 - 18*t - 12. Let o be v(-17). Suppose o*z + 335 = 3*b, -5*b + 614 - 63 = -z. What is the greatest common factor of 44 and b?
22
Let m be 9/(-3*4*(-2)/408). Calculate the highest common divisor of 9 and m.
9
Let q = -11 - -66. Suppose 0 = m + 5*i + 9, m + 3*i - 1 + 2 = 0. What is the highest common divisor of q and m?
11
Suppose 3*n = -0*g - 2*g - 91, -2*n + 158 = -4*g. Let a = g + 73. What is the greatest common divisor of 16 and a?
16
Let o be (-4)/(-6) + 143/33. Suppose 28 = -o*t + 68. Suppose 0 = d - t - 12. What is the greatest common factor of d and 60?
20
Suppose -255 + 849 = 11*f. Calculate the highest common factor of 1215 and f.
27
Let z = -913 + 923. What is the greatest common divisor of z and 500?
10
Suppose 2*b = -3*i + 2661, 0 = 2*i - 3*b - 792 - 969. Calcul